- 37534?
-37531
In base 14, what is -1b90 - -918?
-1276
In base 9, what is 104 - 233232?
-233127
In base 2, what is -10010001011100 - -1010111101101110?
1000101100010010
In base 4, what is -100 + 3020001013?
3020000313
In base 5, what is -3132000144 + -3?
-3132000202
In base 12, what is 820107 - -1?
820108
In base 7, what is 1266561 + 550?
1300441
In base 4, what is -111303122 - 13?
-111303201
In base 4, what is -23133233 - 2333?
-23202232
In base 11, what is 60456 - 3430?
58026
In base 15, what is 56 + -1a6a0?
-1a649
In base 7, what is 215140 - -2240?
220410
In base 15, what is 7bb7 - 10?
7ba7
In base 15, what is -6dd + -62e4c?
-6363a
In base 14, what is -9 + 72c789?
72c780
In base 15, what is -5c58224 - -1?
-5c58223
In base 3, what is -10201000 + -202112112?
-220020112
In base 9, what is -80101 + 1600?
-77401
In base 5, what is -12141010 - -1421?
-12134034
In base 15, what is 421e8 + -e?
421d9
In base 9, what is 21661756 + 0?
21661756
In base 7, what is 366 + -1265064?
-1264365
In base 10, what is -5 + -12111421?
-12111426
In base 2, what is -1111100001111111100 - 1001?
-1111100010000000101
In base 6, what is 45105 - -215131?
304240
In base 12, what is -144 - 210b2a?
-211072
In base 8, what is 10701 + 226344?
237245
In base 12, what is 5037062 + -1?
5037061
In base 5, what is 10141233 + 1224?
10143012
In base 13, what is 7c908 + 14?
7c91c
In base 7, what is 2 + -43236512?
-43236510
In base 14, what is 3987c - 10b?
39771
In base 3, what is -112 + 20021002101010?
20021002100121
In base 14, what is 4070 + 2?
4072
In base 4, what is -20213023 + 20?
-20213003
In base 14, what is 344 - -cba29?
cbd6d
In base 9, what is -73845 + -4?
-73850
In base 11, what is 123 + -9906?
-9793
In base 11, what is 132575 - -95?
13265a
In base 7, what is 10606513 + -3?
10606510
In base 6, what is -1034 + 11004415?
11003341
In base 10, what is -25937858 - 6?
-25937864
In base 15, what is ab9e276 - 5?
ab9e271
In base 14, what is 77b789 - -2?
77b78b
In base 3, what is -111100 - -1202212221?
1202101121
In base 5, what is -221100013 - -4?
-221100004
In base 7, what is 36544 - -15526?
55403
In base 2, what is 1 + 101110001111110011010010?
101110001111110011010011
In base 3, what is 22201012112 + -1012221?
22122222121
In base 5, what is 121 + -440423343?
-440423222
In base 9, what is 48526744 + 4?
48526748
In base 9, what is -65460513 + 5?
-65460507
In base 10, what is -4 + 46441?
46437
In base 16, what is 19b63 + -48?
19b1b
In base 14, what is 3 + -15510a9?
-15510a6
In base 3, what is -10 - 20112100220000?
-20112100220010
In base 2, what is 111110010110100001 + 110010?
111110010111010011
In base 9, what is -53157145 + 1?
-53157144
In base 4, what is -120 + 11220120?
11220000
In base 7, what is -5 - -5064624541?
5064624533
In base 16, what is a1b + b1a?
1535
In base 10, what is 262 + 3682955?
3683217
In base 12, what is 78 - 294841?
-294785
In base 6, what is 12120345 - 1431?
12114514
In base 14, what is -110 - -630b2c?
630a1c
In base 15, what is 5 + 4631b1?
4631b6
In base 14, what is -17d7 + 678?
-115d
In base 3, what is 22 - -21221012220102?
21221012220201
In base 11, what is -5 + 10806994?
1080698a
In base 6, what is -31325545 + 2?
-31325543
In base 16, what is -1 + -763f74?
-763f75
In base 4, what is -1023011 + -32223?
-1121300
In base 14, what is -3c430dd - 2?
-3c43101
In base 9, what is -11724 - 13318?
-25143
In base 8, what is 5 + -101100264?
-101100257
In base 6, what is 11 + 10452142?
10452153
In base 7, what is -1 - 26441565?
-26441566
In base 14, what is -1bacd5 - 64?
-1bad59
In base 8, what is 22615 - 27666?
-5051
In base 10, what is 291851 - 900?
290951
In base 2, what is -11101110 - -1010000100000011?
1010000000010101
In base 12, what is -40b5 - -729?
-3588
In base 12, what is -477b91 - -12?
-477b7b
In base 9, what is 346558 + 3?
346562
In base 11, what is 14513 + -11a?
143a4
In base 11, what is -21a1 - 12064?
-14255
In base 2, what is -100101100011 + 11101010101011?
11000101001000
In base 5, what is -110203 - -22000?
-33203
In base 13, what is 51ab - 1c7c?
322c
In base 7, what is -6 - -120631163?
120631154
In base 9, what is -37804 - 1322?
-40226
In base 13, what is -2934 + 835?
-20cc
In base 15, what is 1e4 + -83924?
-83730
In base 7, what is 0 + 106304642?
106304642
In base 14, what is 65d + 7860?
80bd
In base 5, what is 240233224204 + -10?
240233224144
In base 12, what is 17 - -512a51?
512a68
In base 3, what is 211211112122220 - -11?
211211112200001
In base 8, what is -33474 - -1064?
-32410
In base 5, what is -132003213 - -114?
-132003044
In base 6, what is -121413 + 130?
-121243
In base 11, what is 445900 - -56?
445956
In base 14, what is -9 + 1ddb37?
1ddb2c
In base 14, what is 12 + -480d0b?
-480cd9
In base 16, what is fcbd0 - ab?
fcb25
In base 3, what is -2101 - -121102220010?
121102210202
In base 11, what is -949 - -205?
-744
In base 13, what is 51611 - 67?
51577
In base 13, what is 34 + -8a726?
-8a6c2
In base 5, what is 343410212 - -22?
343410234
In base 9, what is -1414882 - 53?
-1415045
In base 12, what is -1b3 - a141b?
-a1612
In base 3, what is 20 - 22002102121220?
-22002102121200
In base 5, what is -12 + -3142240434?
-3142241001
In base 6, what is 15410550 + -34?
15410512
In base 10, what is 3 + 4168897?
4168900
In base 16, what is 3 + -163d9b1?
-163d9ae
In base 9, what is 727 + -45817?
-45080
In base 10, what is -5742 - 2793?
-8535
In base 9, what is 510 - -3404202?
3404712
In base 2, what is -10010000111101111001 - 111?
-10010000111110000000
In base 9, what is 3 - -4275528?
4275532
In base 16, what is -2 + 5483e9?
5483e7
In base 6, what is 300240100 + 2?
300240102
In base 4, what is -201332 - 3000?
-210332
In base 3, what is 11 + -2112021210212?
-2112021210201
In base 9, what is 67462 + -47?
67414
In base 8, what is 1 - -22771240?
22771241
In base 4, what is 1213230102310 + -2?
1213230102302
In base 5, what is -1111 + 343021?
341410
In base 2, what is 110 + -1001101001010111010001?
-1001101001010111001011
In base 7, what is -2436 - 1503611?
-1506350
In base 5, what is 0 + 44410431034?
44410431034
In base 9, what is 76 + -1813187?
-1813111
In base 2, what is 11101011000 - -11011110100100001?
11100010001111001
In base 3, what is 10021110220122 + -11?
10021110220111
In base 14, what is -114c3ab5 - -1?
-114c3ab4
In base 2, what is 10010010111011000000000 + -10?
10010010111010111111110
In base 9, what is 1 + -27644372?
-27644371
In base 7, what is 615 - 1004343?
-1003425
In base 4, what is -20 + 100320323?
100320303
In base 10, what is 1984983 + -1?
1984982
In base 9, what is -287506 + 653?
-286743
In base 8, what is -106073 - 6471?
-114564
In base 4, what is 332300 - -231220211?
232213111
In base 10, what is -3 - -2718511?
2718508
In base 6, what is -3511 - 1131021?
-1134532
In base 2, what is 1001101100001001010111010 + 0?
1001101100001001010111010
In base 3, what is -20100 - -1002002120110?
1002002100010
In base 16, what is -a3b + -3e44?
-487f
In base 12, what is -2b + 40272b?
402700
In base 14, what is 141cb - -c66?
15053
In base 8, what is -44622336 - -12?
-44622324
In base 9, what is 4 + 277425386?
277425401
In base 7, what is -51031624 + 16?
-51031605
In base 2, what is 101100111001010 + -10010000110?
101010101000100
In base 3, what is 11001221220 + 101202?
11002100122
In base 15, what is 2a3909a - 0?
2a3909a
In base 3, what is 1012 - -10001101002000?
10001101010012
In base 8, what is -1365444 + -76?
-1365542
In base 11, what is 610a4 - -1a?
61113
In base 12, what is -267540 - 6?
-267546
In base 6, what is -10154453233 - -5?
-10154453224
In base 14, what is 79 + 110d?
1188
In base 5, what is 10312 - -103410?
114222
In base 5, what is 101334 - -122040?
223424
In base 14, what is -69b073 + 8?
-69b069
In base 3, what is -2202222200 - 102120000?
-10012112200
In base 11, what is 3 - -6803155?
6803158
In base 6, what is -114525331 - 3?
-114525334
In base 2, what is -1 - 1100001111000111100?
-1100001111000111101
In base 4, what is -1031 - 2100213120?
-2100220211
In base 8, what is -4563 + 14334?
7551
In base 6, what is 4103004 + -141?
4102423
In base 7, what is -1 - 2631341541?
-2631341542
In base 7, what is -2233 - 1533655?
-1536221
In base 3, what is -11 + -2002202012210111?
-2002202012210122
In base 7, what is -10306 - 451?
-11060
In base 3, w